{"id":12,"date":"2021-07-27T16:31:21","date_gmt":"2021-07-27T14:31:21","guid":{"rendered":"http:\/\/loupnoiredition.be\/?page_id=12"},"modified":"2022-09-17T15:36:40","modified_gmt":"2022-09-17T13:36:40","slug":"auteurs","status":"publish","type":"page","link":"https:\/\/loupnoiredition.be\/index.php\/auteurs\/","title":{"rendered":"Auteurs"},"content":{"rendered":"\t\t<div data-elementor-type=\"wp-page\" data-elementor-id=\"12\" class=\"elementor elementor-12\">\n\t\t\t\t\t\t<section class=\"elementor-section elementor-top-section elementor-element elementor-element-f544a32 elementor-section-boxed elementor-section-height-default elementor-section-height-default\" data-id=\"f544a32\" data-element_type=\"section\" data-e-type=\"section\">\n\t\t\t\t\t\t<div class=\"elementor-container elementor-column-gap-default\">\n\t\t\t\t\t<div class=\"elementor-column elementor-col-100 elementor-top-column elementor-element elementor-element-e6d6a12\" data-id=\"e6d6a12\" data-element_type=\"column\" data-e-type=\"column\">\n\t\t\t<div class=\"elementor-widget-wrap elementor-element-populated\">\n\t\t\t\t\t\t<div class=\"elementor-element elementor-element-c8c5ddb elementor-widget elementor-widget-heading\" data-id=\"c8c5ddb\" data-element_type=\"widget\" data-e-type=\"widget\" data-widget_type=\"heading.default\">\n\t\t\t\t<div class=\"elementor-widget-container\">\n\t\t\t\t\t<h1 class=\"elementor-heading-title elementor-size-default\">Nos auteurs<\/h1>\t\t\t\t<\/div>\n\t\t\t\t<\/div>\n\t\t\t\t\t<\/div>\n\t\t<\/div>\n\t\t\t\t\t<\/div>\n\t\t<\/section>\n\t\t\t\t<section class=\"elementor-section elementor-top-section elementor-element elementor-element-13a0087 elementor-section-boxed elementor-section-height-default elementor-section-height-default\" data-id=\"13a0087\" data-element_type=\"section\" data-e-type=\"section\">\n\t\t\t\t\t\t<div class=\"elementor-container elementor-column-gap-default\">\n\t\t\t\t\t<div class=\"elementor-column elementor-col-100 elementor-top-column elementor-element elementor-element-d282521\" data-id=\"d282521\" data-element_type=\"column\" data-e-type=\"column\">\n\t\t\t<div class=\"elementor-widget-wrap elementor-element-populated\">\n\t\t\t\t\t\t<div class=\"elementor-element elementor-element-fd43ca7 elementor-widget elementor-widget-text-editor\" data-id=\"fd43ca7\" data-element_type=\"widget\" data-e-type=\"widget\" data-widget_type=\"text-editor.default\">\n\t\t\t\t<div class=\"elementor-widget-container\">\n\t\t\t\t\t\t\t\t\t<h3>Vanessa Dubaniwicz<\/h3><p><img decoding=\"async\" class=\"alignleft wp-image-64\" src=\"https:\/\/loupnoiredition.be\/wp-content\/uploads\/2021\/07\/photo-vanessa-200x300.jpg\" alt=\"\" width=\"166\" height=\"250\" srcset=\"https:\/\/loupnoiredition.be\/wp-content\/uploads\/2021\/07\/photo-vanessa-200x300.jpg 200w, https:\/\/loupnoiredition.be\/wp-content\/uploads\/2021\/07\/photo-vanessa.jpg 283w\" sizes=\"(max-width: 166px) 100vw, 166px\" \/>Vanessa est biblioth\u00e9caire dans une \u00e9cole primaire.<br \/>Depuis toujours elle aime imaginer des histoires de princesses, de chevaliers et de monde enchant\u00e9.<br \/>En 2011, ses r\u00eaves prennent vie dans un roman intitul\u00e9 le Miroir<br \/>de Borgoth, qui constituera le premier tome des Chroniques<br \/>du Monde des Etoiles.<br \/>En 2012, elle commence \u00e0 \u00e9crire \u00ab Les aventures de Fin\u00e9as Linch \u00bb pour ses \u00e9l\u00e8ves de 3eme ann\u00e9e et construit avec ses coll\u00e8gues un dossier p\u00e9dagogique attach\u00e9 au roman.<br \/>En juillet 2013, elle a pris les rennes du d\u00e9partement \u00e9dition et du d\u00e9partement p\u00e9dagogique de LME asbl.<\/p><p>Apr\u00e8s un prix au concours Reine Paola en 2018, r\u00e9compensant l&rsquo;innovation en tant qu&rsquo;enseignant, Vanessa a entam\u00e9 un master en science de l&rsquo;\u00e9ducation et continue d&rsquo;imaginer de merveilleuses histoires&#8230;<br \/>Le 10 septembre 2022 et apr\u00e8s 3 ann\u00e9es de labeur acharn\u00e9, Vanessa obtient\u00a0 le master en sciences de l&rsquo;\u00e9ducation \u00e0 orientation \u00ab\u00a0formation d&rsquo;enseignant\u00a0\u00bb et le titre de psychop\u00e9dagogue.<\/p>\t\t\t\t\t\t\t\t<\/div>\n\t\t\t\t<\/div>\n\t\t\t\t\t<\/div>\n\t\t<\/div>\n\t\t\t\t\t<\/div>\n\t\t<\/section>\n\t\t\t\t<section class=\"elementor-section elementor-top-section elementor-element elementor-element-4d36c4a elementor-section-boxed elementor-section-height-default elementor-section-height-default\" data-id=\"4d36c4a\" data-element_type=\"section\" data-e-type=\"section\">\n\t\t\t\t\t\t<div class=\"elementor-container elementor-column-gap-default\">\n\t\t\t\t\t<div class=\"elementor-column elementor-col-100 elementor-top-column elementor-element elementor-element-ace69ed\" data-id=\"ace69ed\" data-element_type=\"column\" data-e-type=\"column\">\n\t\t\t<div class=\"elementor-widget-wrap elementor-element-populated\">\n\t\t\t\t\t\t<div class=\"elementor-element elementor-element-848d3cc elementor-widget elementor-widget-text-editor\" data-id=\"848d3cc\" data-element_type=\"widget\" data-e-type=\"widget\" data-widget_type=\"text-editor.default\">\n\t\t\t\t<div class=\"elementor-widget-container\">\n\t\t\t\t\t\t\t\t\t<h3>Philippe Sombreval<\/h3><p><img decoding=\"async\" class=\"alignleft wp-image-68\" src=\"https:\/\/loupnoiredition.be\/wp-content\/uploads\/2021\/07\/Somby8b-201x300.jpg\" alt=\"Photo\" width=\"168\" height=\"250\" srcset=\"https:\/\/loupnoiredition.be\/wp-content\/uploads\/2021\/07\/Somby8b-201x300.jpg 201w, https:\/\/loupnoiredition.be\/wp-content\/uploads\/2021\/07\/Somby8b-686x1024.jpg 686w, https:\/\/loupnoiredition.be\/wp-content\/uploads\/2021\/07\/Somby8b-768x1146.jpg 768w, https:\/\/loupnoiredition.be\/wp-content\/uploads\/2021\/07\/Somby8b-1029x1536.jpg 1029w, https:\/\/loupnoiredition.be\/wp-content\/uploads\/2021\/07\/Somby8b.jpg 1367w\" sizes=\"(max-width: 168px) 100vw, 168px\" \/>Philippe a v\u00e9cu durant 8 ann\u00e9es en pays d&rsquo;Arlon et a d\u00e9velopp\u00e9 un amour inconditionnel pour cette r\u00e9gion malgr\u00e9 son d\u00e9m\u00e9nagement \u00e0 Jumet.<br \/>R\u00eaveur mais n\u00e9anmoins r\u00e9aliste, il manie l&rsquo;humour et l&rsquo;euph\u00e9misme. Il<br \/>aime communiquer avec les gens et prend le temps de les \u00e9couter.<br \/>De caract\u00e8re vif, franc et dynamique, il est bien conscient qu&rsquo;il ne pla\u00eet pas<br \/>forc\u00e9ment \u00e0 tout le monde. Nul ne peut \u00eatre parfait.<br \/>L&rsquo;infographie, qu&rsquo;elle soit sur le Web ou en pr\u00e9presse n&rsquo;est pas que sa<br \/>profession, c&rsquo;est surtout et avant-tout sa passion ! Que serait sa vie sans<br \/>retoucher une image avec photoshop, concevoir un logo avec illustrator,<br \/>pr\u00e9parer un livret avec Indesign ou simplement taper quelques lignes de<br \/>CSS avec Dreamweaver ?<br \/>Passionn\u00e9 par les mangas, le mod\u00e9lisme et l&rsquo;animation m\u00e9di\u00e9vale, Philippe<br \/>parvient \u00e0 les faire vivre dans son travail et sa vie de tous les jours. C&rsquo;est de l&rsquo;animation m\u00e9di\u00e9vale<br \/>et de son personnage Philippe de Sombreval qu&rsquo;est n\u00e9 Araluna, son premier roman qui para\u00eetra en<br \/>f\u00e9vrier 2015. M\u00ealant habilement histoire, fiction et grande \u00e9pop\u00e9e, Philippe met en avant son<br \/>amour pour Arlon et sa r\u00e9gion. Illustrateur, graphiste et auteur, Philippe emm\u00e8ne tr\u00e8s facilement le<br \/>public \u00e0 la d\u00e9couverte de son monde .<br \/>En d\u00e9cembre 2020, Philippe se lance un nouveau d\u00e9fi, devenir son propre \u00e9diteur et fond \u00ab\u00a0Loup Noir \u00e9dition\u00a0\u00bb.<\/p>\t\t\t\t\t\t\t\t<\/div>\n\t\t\t\t<\/div>\n\t\t\t\t\t<\/div>\n\t\t<\/div>\n\t\t\t\t\t<\/div>\n\t\t<\/section>\n\t\t\t\t<\/div>\n\t\t","protected":false},"excerpt":{"rendered":"<p>Nos auteurs Vanessa Dubaniwicz Vanessa est biblioth\u00e9caire dans une \u00e9cole primaire.Depuis toujours elle aime imaginer des histoires de princesses, de chevaliers et de monde enchant\u00e9.En 2011, ses r\u00eaves prennent vie dans un roman intitul\u00e9 le Miroirde Borgoth, qui constituera le premier tome des Chroniquesdu Monde des Etoiles.En 2012, elle commence \u00e0 \u00e9crire \u00ab Les aventures &hellip;<\/p>\n","protected":false},"author":1,"featured_media":0,"parent":0,"menu_order":0,"comment_status":"closed","ping_status":"closed","template":"","meta":{"footnotes":""},"class_list":["post-12","page","type-page","status-publish","hentry"],"yoast_head":"<!-- This site is optimized with the Yoast SEO plugin v27.5 - https:\/\/yoast.com\/product\/yoast-seo-wordpress\/ -->\n<title>Auteurs - Loup Noir Edition<\/title>\n<meta name=\"description\" content=\"lD\u00e9couvrez les auteurs de Loup Noirs Edition\" \/>\n<meta name=\"robots\" content=\"index, follow, max-snippet:-1, max-image-preview:large, max-video-preview:-1\" \/>\n<link rel=\"canonical\" href=\"https:\/\/loupnoiredition.be\/index.php\/auteurs\/\" \/>\n<meta property=\"og:locale\" content=\"fr_FR\" \/>\n<meta property=\"og:type\" content=\"article\" \/>\n<meta property=\"og:title\" content=\"Auteurs - Loup Noir Edition\" \/>\n<meta property=\"og:description\" content=\"lD\u00e9couvrez les auteurs de Loup Noirs Edition\" \/>\n<meta property=\"og:url\" content=\"https:\/\/loupnoiredition.be\/index.php\/auteurs\/\" \/>\n<meta property=\"og:site_name\" content=\"Loup Noir Edition\" \/>\n<meta property=\"article:publisher\" content=\"https:\/\/www.facebook.com\/LoupNoirEdition\" \/>\n<meta property=\"article:modified_time\" content=\"2022-09-17T13:36:40+00:00\" \/>\n<meta property=\"og:image\" content=\"https:\/\/loupnoiredition.be\/wp-content\/uploads\/2021\/07\/photo-vanessa-200x300.jpg\" \/>\n<meta name=\"twitter:card\" content=\"summary_large_image\" \/>\n<meta name=\"twitter:site\" content=\"@EditionLoup\" \/>\n<meta name=\"twitter:label1\" content=\"Dur\u00e9e de lecture estim\u00e9e\" \/>\n\t<meta name=\"twitter:data1\" content=\"3 minutes\" \/>\n<script type=\"application\/ld+json\" class=\"yoast-schema-graph\">{\"@context\":\"https:\\\/\\\/schema.org\",\"@graph\":[{\"@type\":\"WebPage\",\"@id\":\"https:\\\/\\\/loupnoiredition.be\\\/index.php\\\/auteurs\\\/\",\"url\":\"https:\\\/\\\/loupnoiredition.be\\\/index.php\\\/auteurs\\\/\",\"name\":\"Auteurs - Loup Noir Edition\",\"isPartOf\":{\"@id\":\"https:\\\/\\\/loupnoiredition.be\\\/#website\"},\"primaryImageOfPage\":{\"@id\":\"https:\\\/\\\/loupnoiredition.be\\\/index.php\\\/auteurs\\\/#primaryimage\"},\"image\":{\"@id\":\"https:\\\/\\\/loupnoiredition.be\\\/index.php\\\/auteurs\\\/#primaryimage\"},\"thumbnailUrl\":\"https:\\\/\\\/loupnoiredition.be\\\/wp-content\\\/uploads\\\/2021\\\/07\\\/photo-vanessa-200x300.jpg\",\"datePublished\":\"2021-07-27T14:31:21+00:00\",\"dateModified\":\"2022-09-17T13:36:40+00:00\",\"description\":\"lD\u00e9couvrez les auteurs de Loup Noirs Edition\",\"breadcrumb\":{\"@id\":\"https:\\\/\\\/loupnoiredition.be\\\/index.php\\\/auteurs\\\/#breadcrumb\"},\"inLanguage\":\"fr-FR\",\"potentialAction\":[{\"@type\":\"ReadAction\",\"target\":[\"https:\\\/\\\/loupnoiredition.be\\\/index.php\\\/auteurs\\\/\"]}]},{\"@type\":\"ImageObject\",\"inLanguage\":\"fr-FR\",\"@id\":\"https:\\\/\\\/loupnoiredition.be\\\/index.php\\\/auteurs\\\/#primaryimage\",\"url\":\"https:\\\/\\\/loupnoiredition.be\\\/wp-content\\\/uploads\\\/2021\\\/07\\\/photo-vanessa.jpg\",\"contentUrl\":\"https:\\\/\\\/loupnoiredition.be\\\/wp-content\\\/uploads\\\/2021\\\/07\\\/photo-vanessa.jpg\",\"width\":283,\"height\":425,\"caption\":\"photo\"},{\"@type\":\"BreadcrumbList\",\"@id\":\"https:\\\/\\\/loupnoiredition.be\\\/index.php\\\/auteurs\\\/#breadcrumb\",\"itemListElement\":[{\"@type\":\"ListItem\",\"position\":1,\"name\":\"Accueil\",\"item\":\"https:\\\/\\\/loupnoiredition.be\\\/\"},{\"@type\":\"ListItem\",\"position\":2,\"name\":\"Auteurs\"}]},{\"@type\":\"WebSite\",\"@id\":\"https:\\\/\\\/loupnoiredition.be\\\/#website\",\"url\":\"https:\\\/\\\/loupnoiredition.be\\\/\",\"name\":\"Loup Noir Edition\",\"description\":\"entrez dans la tani\u00e8re du loup noir\",\"publisher\":{\"@id\":\"https:\\\/\\\/loupnoiredition.be\\\/#organization\"},\"potentialAction\":[{\"@type\":\"SearchAction\",\"target\":{\"@type\":\"EntryPoint\",\"urlTemplate\":\"https:\\\/\\\/loupnoiredition.be\\\/?s={search_term_string}\"},\"query-input\":{\"@type\":\"PropertyValueSpecification\",\"valueRequired\":true,\"valueName\":\"search_term_string\"}}],\"inLanguage\":\"fr-FR\"},{\"@type\":\"Organization\",\"@id\":\"https:\\\/\\\/loupnoiredition.be\\\/#organization\",\"name\":\"Loup Noir Edition\",\"url\":\"https:\\\/\\\/loupnoiredition.be\\\/\",\"logo\":{\"@type\":\"ImageObject\",\"inLanguage\":\"fr-FR\",\"@id\":\"https:\\\/\\\/loupnoiredition.be\\\/#\\\/schema\\\/logo\\\/image\\\/\",\"url\":\"http:\\\/\\\/loupnoiredition.be\\\/wp-content\\\/uploads\\\/2021\\\/07\\\/photodeprofil.jpg\",\"contentUrl\":\"http:\\\/\\\/loupnoiredition.be\\\/wp-content\\\/uploads\\\/2021\\\/07\\\/photodeprofil.jpg\",\"width\":2480,\"height\":2480,\"caption\":\"Loup Noir Edition\"},\"image\":{\"@id\":\"https:\\\/\\\/loupnoiredition.be\\\/#\\\/schema\\\/logo\\\/image\\\/\"},\"sameAs\":[\"https:\\\/\\\/www.facebook.com\\\/LoupNoirEdition\",\"https:\\\/\\\/x.com\\\/EditionLoup\",\"https:\\\/\\\/www.instagram.com\\\/loupnoiredition\\\/\"]}]}<\/script>\n<!-- \/ Yoast SEO plugin. -->","yoast_head_json":{"title":"Auteurs - Loup Noir Edition","description":"lD\u00e9couvrez les auteurs de Loup Noirs Edition","robots":{"index":"index","follow":"follow","max-snippet":"max-snippet:-1","max-image-preview":"max-image-preview:large","max-video-preview":"max-video-preview:-1"},"canonical":"https:\/\/loupnoiredition.be\/index.php\/auteurs\/","og_locale":"fr_FR","og_type":"article","og_title":"Auteurs - Loup Noir Edition","og_description":"lD\u00e9couvrez les auteurs de Loup Noirs Edition","og_url":"https:\/\/loupnoiredition.be\/index.php\/auteurs\/","og_site_name":"Loup Noir Edition","article_publisher":"https:\/\/www.facebook.com\/LoupNoirEdition","article_modified_time":"2022-09-17T13:36:40+00:00","og_image":[{"url":"https:\/\/loupnoiredition.be\/wp-content\/uploads\/2021\/07\/photo-vanessa-200x300.jpg","type":"","width":"","height":""}],"twitter_card":"summary_large_image","twitter_site":"@EditionLoup","twitter_misc":{"Dur\u00e9e de lecture estim\u00e9e":"3 minutes"},"schema":{"@context":"https:\/\/schema.org","@graph":[{"@type":"WebPage","@id":"https:\/\/loupnoiredition.be\/index.php\/auteurs\/","url":"https:\/\/loupnoiredition.be\/index.php\/auteurs\/","name":"Auteurs - Loup Noir Edition","isPartOf":{"@id":"https:\/\/loupnoiredition.be\/#website"},"primaryImageOfPage":{"@id":"https:\/\/loupnoiredition.be\/index.php\/auteurs\/#primaryimage"},"image":{"@id":"https:\/\/loupnoiredition.be\/index.php\/auteurs\/#primaryimage"},"thumbnailUrl":"https:\/\/loupnoiredition.be\/wp-content\/uploads\/2021\/07\/photo-vanessa-200x300.jpg","datePublished":"2021-07-27T14:31:21+00:00","dateModified":"2022-09-17T13:36:40+00:00","description":"lD\u00e9couvrez les auteurs de Loup Noirs Edition","breadcrumb":{"@id":"https:\/\/loupnoiredition.be\/index.php\/auteurs\/#breadcrumb"},"inLanguage":"fr-FR","potentialAction":[{"@type":"ReadAction","target":["https:\/\/loupnoiredition.be\/index.php\/auteurs\/"]}]},{"@type":"ImageObject","inLanguage":"fr-FR","@id":"https:\/\/loupnoiredition.be\/index.php\/auteurs\/#primaryimage","url":"https:\/\/loupnoiredition.be\/wp-content\/uploads\/2021\/07\/photo-vanessa.jpg","contentUrl":"https:\/\/loupnoiredition.be\/wp-content\/uploads\/2021\/07\/photo-vanessa.jpg","width":283,"height":425,"caption":"photo"},{"@type":"BreadcrumbList","@id":"https:\/\/loupnoiredition.be\/index.php\/auteurs\/#breadcrumb","itemListElement":[{"@type":"ListItem","position":1,"name":"Accueil","item":"https:\/\/loupnoiredition.be\/"},{"@type":"ListItem","position":2,"name":"Auteurs"}]},{"@type":"WebSite","@id":"https:\/\/loupnoiredition.be\/#website","url":"https:\/\/loupnoiredition.be\/","name":"Loup Noir Edition","description":"entrez dans la tani\u00e8re du loup noir","publisher":{"@id":"https:\/\/loupnoiredition.be\/#organization"},"potentialAction":[{"@type":"SearchAction","target":{"@type":"EntryPoint","urlTemplate":"https:\/\/loupnoiredition.be\/?s={search_term_string}"},"query-input":{"@type":"PropertyValueSpecification","valueRequired":true,"valueName":"search_term_string"}}],"inLanguage":"fr-FR"},{"@type":"Organization","@id":"https:\/\/loupnoiredition.be\/#organization","name":"Loup Noir Edition","url":"https:\/\/loupnoiredition.be\/","logo":{"@type":"ImageObject","inLanguage":"fr-FR","@id":"https:\/\/loupnoiredition.be\/#\/schema\/logo\/image\/","url":"http:\/\/loupnoiredition.be\/wp-content\/uploads\/2021\/07\/photodeprofil.jpg","contentUrl":"http:\/\/loupnoiredition.be\/wp-content\/uploads\/2021\/07\/photodeprofil.jpg","width":2480,"height":2480,"caption":"Loup Noir Edition"},"image":{"@id":"https:\/\/loupnoiredition.be\/#\/schema\/logo\/image\/"},"sameAs":["https:\/\/www.facebook.com\/LoupNoirEdition","https:\/\/x.com\/EditionLoup","https:\/\/www.instagram.com\/loupnoiredition\/"]}]}},"_links":{"self":[{"href":"https:\/\/loupnoiredition.be\/index.php\/wp-json\/wp\/v2\/pages\/12","targetHints":{"allow":["GET"]}}],"collection":[{"href":"https:\/\/loupnoiredition.be\/index.php\/wp-json\/wp\/v2\/pages"}],"about":[{"href":"https:\/\/loupnoiredition.be\/index.php\/wp-json\/wp\/v2\/types\/page"}],"author":[{"embeddable":true,"href":"https:\/\/loupnoiredition.be\/index.php\/wp-json\/wp\/v2\/users\/1"}],"replies":[{"embeddable":true,"href":"https:\/\/loupnoiredition.be\/index.php\/wp-json\/wp\/v2\/comments?post=12"}],"version-history":[{"count":23,"href":"https:\/\/loupnoiredition.be\/index.php\/wp-json\/wp\/v2\/pages\/12\/revisions"}],"predecessor-version":[{"id":350,"href":"https:\/\/loupnoiredition.be\/index.php\/wp-json\/wp\/v2\/pages\/12\/revisions\/350"}],"wp:attachment":[{"href":"https:\/\/loupnoiredition.be\/index.php\/wp-json\/wp\/v2\/media?parent=12"}],"curies":[{"name":"wp","href":"https:\/\/api.w.org\/{rel}","templated":true}]}}